?
4
What is the hundred millions digit of 727670802?
7
What is the hundreds digit of 1561270?
2
What is the millions digit of 119166651?
9
What is the millions digit of 113750895?
3
What is the ten thousands digit of 2341604354?
0
What is the tens digit of 354806033?
3
What is the thousands digit of 864371777?
1
What is the millions digit of 41601854?
1
What is the thousands digit of 4663917655?
7
What is the ten thousands digit of 1893513197?
1
What is the thousands digit of 374593781?
3
What is the thousands digit of 281050?
1
What is the ten millions digit of 53584639?
5
What is the thousands digit of 163274299?
4
What is the ten millions digit of 60105830?
6
What is the ten millions digit of 3735296183?
3
What is the units digit of 69858634?
4
What is the hundreds digit of 141202423?
4
What is the units digit of 234152465?
5
What is the thousands digit of 1081802362?
2
What is the thousands digit of 625562753?
2
What is the units digit of 452041849?
9
What is the units digit of 1245015716?
6
What is the hundred millions digit of 858685209?
8
What is the units digit of 62334834?
4
What is the hundred millions digit of 1893252688?
8
What is the hundreds digit of 2609340262?
2
What is the hundreds digit of 2360075094?
0
What is the ten thousands digit of 433377009?
7
What is the millions digit of 85632672?
5
What is the hundred thousands digit of 2511183645?
1
What is the tens digit of 915689989?
8
What is the millions digit of 985544140?
5
What is the ten thousands digit of 399460368?
6
What is the thousands digit of 495761650?
1
What is the ten thousands digit of 2419031129?
3
What is the hundred millions digit of 897724054?
8
What is the units digit of 2913771?
1
What is the millions digit of 67834768?
7
What is the units digit of 3604657914?
4
What is the hundreds digit of 72402394?
3
What is the hundreds digit of 51980466?
4
What is the tens digit of 115339495?
9
What is the hundred millions digit of 157351800?
1
What is the ten thousands digit of 504424682?
2
What is the hundred thousands digit of 32539652?
5
What is the hundred millions digit of 670658722?
6
What is the hundred thousands digit of 175166801?
1
What is the ten millions digit of 1322402020?
2
What is the hundreds digit of 73396616?
6
What is the millions digit of 3390313?
3
What is the tens digit of 19954314?
1
What is the hundred millions digit of 176958543?
1
What is the hundred millions digit of 754238395?
7
What is the hundreds digit of 25772626?
6
What is the hundreds digit of 423946831?
8
What is the ten millions digit of 25393191?
2
What is the millions digit of 41948069?
1
What is the ten millions digit of 196954377?
9
What is the units digit of 1938623436?
6
What is the thousands digit of 19384041?
4
What is the millions digit of 419925982?
9
What is the thousands digit of 29992010?
2
What is the hundred thousands digit of 25270785?
2
What is the ten millions digit of 2541625593?
4
What is the hundreds digit of 604607347?
3
What is the ten millions digit of 345601992?
4
What is the hundred millions digit of 1588588522?
5
What is the units digit of 125223095?
5
What is the ten millions digit of 1192630908?
9
What is the millions digit of 1392305061?
2
What is the ten thousands digit of 448481603?
8
What is the ten millions digit of 70829638?
7
What is the hundred thousands digit of 4276447?
2
What is the billions digit of 3973391152?
3
What is the tens digit of 563828774?
7
What is the ten thousands digit of 89460209?
6
What is the thousands digit of 70174848?
4
What is the ten millions digit of 198413866?
9
What is the thousands digit of 583938213?
8
What is the millions digit of 567803736?
7
What is the tens digit of 1019581313?
1
What is the hundred millions digit of 4415188069?
4
What is the hundred millions digit of 1770273619?
7
What is the units digit of 2144432863?
3
What is the hundred millions digit of 1130100488?
1
What is the ten millions digit of 907819754?
0
What is the millions digit of 86912576?
6
What is the units digit of 7879762800?
0
What is the ten millions digit of 22119465?
2
What is the units digit of 410222869?
9
What is the tens digit of 884387899?
9
What is the units digit of 185978532?
2
What is the thousands digit of 11339719?
9
What is the ten millions digit of 14770600?
1
What is the ten millions digit of 122448880?
2
What is the ten millions digit of 103449796?
0
What is the ten millions digit of 33175494?
3
What is the millions digit of 56141420?
6
What is the tens digit of 17907583?
8
What is the thousands digit of 71492847?
2
What is the ten millions digit of 128880190?
2
What is the ten thousands digit of 170253153?
5
What is the millions digit of 502403037?
2
What is the millions digit of 1075686189?
5
What is the hundred millions digit of 176156539?
1
What is the units digit of 658362?
2
What is the thousands digit of 598957531?
7
What is the tens digit of 13005610?
1
What is the units digit of 324508841?
1
What is the hundred millions digit of 116956790?
1
What is the hundred thousands digit of 290170098?
1
What is the hundred thousands digit of 3862736440?
7
What is the hundred millions digit of 2359008851?
3
What is the tens digit of 89900383?
8
What is the hundred millions digit of 664513958?
6
What is the hundred millions digit of 867888199?
8
What is the ten millions digit of 14409921?
1
What is the units digit of 152070461?
1
What is the millions digit of 101686842?
1
What is the hundred thousands digit of 941534002?
5
What is the hundred millions digit of 748969321?
7
What is the millions digit of 132920618?
2
What is the units digit of 2912162214?
4
What is the hundreds digit of 1643042867?
8
What is the thousands digit of 1208554504?
4
What is the hundred thousands digit of 789130229?
1
What is the thousands digit of 16552486?
2
What is the hundreds digit of 63674901?
9
What is the hundreds digit of 155415525?
5
What is the thousands digit of 296965190?
5
What is the units digit of 57371008?
8
What is the hundred thousands digit of 6703811?
7
What is the tens digit of 1219033338?
3
What is the millions digit of 184924961?
4
What is the ten thousands digit of 19268563?
6
What is the hundred thousands digit of 351840255?
8
What is the thousands digit of 844315516?
5
What is the ten thousands digit of 264626824?
2
What is the units digit of 799904995?
5
What is the millions digit of 75845496?
5
What is the ten millions digit of 139444354?
3
What is the hundreds digit of 166721553?
5
What is the hundred thousands digit of 75420529?
4
What is the ten thousands digit of 72786772?
8
What is the hundred thousands digit of 9194492?
1
What is the units digit of 618063054?
4
What is the ten millions digit of 288432872?
8
What is the units digit of 1175200472?
2
What is the thousands digit of 370064231?
4
What is the ten millions digit of 495897055?
9
What is the millions digit of 491156380?
1
What is the tens digit of 3788623670?
7
What is the millions digit of 51250280?
1
What is the hundred millions digit of 2862493669?
8
What is the ten thousands digit of 6903476507?
7
What is the ten thousands digit of 4596672073?
7
What is the millions digit of 85370517?
5
What is the billions digit of 1729681452?
1
What is the thousands digit of 128580485?
0
What is the ten millions digit of 51529387?
5
What is the units digit of 92636360?
0
What is the tens digit of 147463302?
0
What is the ten millions digit of 457535295?
5
What is the thousands digit of 1110956753?
6
What is the units digit of 829515682?
2
What is the ten thousands digit of 493595824?
9
What is the hundred thousands digit of 1637246082?
2
What is the hundred millions digit of 1965802253?
9
What is the hundreds digit of 1110829551?
5
What is the hundreds digit of 4587435172?
1
What is the hundred millions digit of 354403205?
3
What is the hundred thousands digit of 13038917?
0
What is the ten thousands digit of 15591987?
9
What is the thousands digit of 2708627?
8
What is the hundred thousands digit of 129624097?
6
What is the ten thousands digit of 160884878?
8
What is the hundred thousands digit of 155433808?
4
What is the units digit of 123340719?
9
What is the hundreds digit of 958598702?
7
What is the ten millions digit of 308939206?
0
What is the millions dig